{"id":32,"date":"2021-12-20T13:05:07","date_gmt":"2021-12-20T13:05:07","guid":{"rendered":"https:\/\/meinstellplatzonline.de\/index.php\/plekkenbeheer\/"},"modified":"2021-12-20T15:55:49","modified_gmt":"2021-12-20T15:55:49","slug":"ortsverwaltung","status":"publish","type":"page","link":"https:\/\/meinstellplatzonline.de\/index.php\/ortsverwaltung\/","title":{"rendered":"Ortsverwaltung"},"content":{"rendered":"\t\t<div data-elementor-type=\"wp-page\" data-elementor-id=\"32\" class=\"elementor elementor-32\">\n\t\t\t\t\t\t<section class=\"elementor-section elementor-top-section elementor-element elementor-element-4ef9ed5 elementor-section-full_width elementor-section-height-default elementor-section-height-default\" data-id=\"4ef9ed5\" data-element_type=\"section\" data-settings=\"{&quot;background_background&quot;:&quot;classic&quot;}\">\n\t\t\t\t\t\t<div class=\"elementor-container elementor-column-gap-default\">\n\t\t\t\t\t<div class=\"elementor-column elementor-col-50 elementor-top-column elementor-element elementor-element-5f90d9f3\" data-id=\"5f90d9f3\" data-element_type=\"column\">\n\t\t\t<div class=\"elementor-widget-wrap elementor-element-populated\">\n\t\t\t\t\t\t<div class=\"elementor-element elementor-element-3888ef9f elementor-widget elementor-widget-video\" data-id=\"3888ef9f\" data-element_type=\"widget\" data-settings=\"{&quot;video_type&quot;:&quot;hosted&quot;,&quot;show_image_overlay&quot;:&quot;yes&quot;,&quot;image_overlay&quot;:{&quot;url&quot;:&quot;https:\\\/\\\/meinstellplatzonline.de\\\/wp-content\\\/uploads\\\/2021\\\/12\\\/Macbook_overlay_play-1.png&quot;,&quot;id&quot;:34,&quot;size&quot;:&quot;&quot;}}\" data-widget_type=\"video.default\">\n\t\t\t\t<div class=\"elementor-widget-container\">\n\t\t\t<style>\/*! elementor - v3.21.0 - 24-04-2024 *\/\n.elementor-widget-video .elementor-widget-container{overflow:hidden;transform:translateZ(0)}.elementor-widget-video .elementor-wrapper{aspect-ratio:var(--video-aspect-ratio)}.elementor-widget-video .elementor-wrapper iframe,.elementor-widget-video .elementor-wrapper video{height:100%;width:100%;display:flex;border:none;background-color:#000}@supports not (aspect-ratio:1\/1){.elementor-widget-video .elementor-wrapper{position:relative;overflow:hidden;height:0;padding-bottom:calc(100% \/ var(--video-aspect-ratio))}.elementor-widget-video .elementor-wrapper iframe,.elementor-widget-video .elementor-wrapper video{position:absolute;top:0;right:0;bottom:0;left:0}}.elementor-widget-video .elementor-open-inline .elementor-custom-embed-image-overlay{position:absolute;top:0;right:0;bottom:0;left:0;background-size:cover;background-position:50%}.elementor-widget-video .elementor-custom-embed-image-overlay{cursor:pointer;text-align:center}.elementor-widget-video .elementor-custom-embed-image-overlay:hover .elementor-custom-embed-play i{opacity:1}.elementor-widget-video .elementor-custom-embed-image-overlay img{display:block;width:100%;aspect-ratio:var(--video-aspect-ratio);-o-object-fit:cover;object-fit:cover;-o-object-position:center center;object-position:center center}@supports not (aspect-ratio:1\/1){.elementor-widget-video .elementor-custom-embed-image-overlay{position:relative;overflow:hidden;height:0;padding-bottom:calc(100% \/ var(--video-aspect-ratio))}.elementor-widget-video .elementor-custom-embed-image-overlay img{position:absolute;top:0;right:0;bottom:0;left:0}}.elementor-widget-video .e-hosted-video .elementor-video{-o-object-fit:cover;object-fit:cover}.e-con-inner>.elementor-widget-video,.e-con>.elementor-widget-video{width:var(--container-widget-width);--flex-grow:var(--container-widget-flex-grow)}<\/style>\t\t<div class=\"e-hosted-video elementor-wrapper elementor-open-inline\">\n\t\t\t\t\t<video class=\"elementor-video\" src=\"https:\/\/meinstellplatzonline.de\/wp-content\/uploads\/2021\/12\/Spotbeheer_1080_compressed-1.mp4\" controlsList=\"nodownload\"><\/video>\n\t\t\t\t\t\t<div class=\"elementor-custom-embed-image-overlay\" style=\"background-image: url(https:\/\/meinstellplatzonline.de\/wp-content\/uploads\/2021\/12\/Macbook_overlay_play-1.png);\">\n\t\t\t\t\t\t\t\t\t\t\t\t\t\t\t\t<div class=\"elementor-custom-embed-play\" role=\"button\" aria-label=\"Play Video\" tabindex=\"0\">\n\t\t\t\t\t\t\t<i aria-hidden=\"true\" class=\"eicon-play\"><\/i>\t\t\t\t\t\t\t<span class=\"elementor-screen-only\">Play Video<\/span>\n\t\t\t\t\t\t<\/div>\n\t\t\t\t\t\t\t\t\t<\/div>\n\t\t\t\t\t<\/div>\n\t\t\t\t<\/div>\n\t\t\t\t<\/div>\n\t\t\t\t\t<\/div>\n\t\t<\/div>\n\t\t\t\t<div class=\"elementor-column elementor-col-50 elementor-top-column elementor-element elementor-element-1295896\" data-id=\"1295896\" data-element_type=\"column\">\n\t\t\t<div class=\"elementor-widget-wrap elementor-element-populated\">\n\t\t\t\t\t\t<div class=\"elementor-element elementor-element-7942fdfb elementor-widget elementor-widget-heading\" data-id=\"7942fdfb\" data-element_type=\"widget\" data-widget_type=\"heading.default\">\n\t\t\t\t<div class=\"elementor-widget-container\">\n\t\t\t<style>\/*! elementor - v3.21.0 - 24-04-2024 *\/\n.elementor-heading-title{padding:0;margin:0;line-height:1}.elementor-widget-heading .elementor-heading-title[class*=elementor-size-]>a{color:inherit;font-size:inherit;line-height:inherit}.elementor-widget-heading .elementor-heading-title.elementor-size-small{font-size:15px}.elementor-widget-heading .elementor-heading-title.elementor-size-medium{font-size:19px}.elementor-widget-heading .elementor-heading-title.elementor-size-large{font-size:29px}.elementor-widget-heading .elementor-heading-title.elementor-size-xl{font-size:39px}.elementor-widget-heading .elementor-heading-title.elementor-size-xxl{font-size:59px}<\/style><h2 class=\"elementor-heading-title elementor-size-default\">Platzverwaltung\u200b<\/h2>\t\t<\/div>\n\t\t\t\t<\/div>\n\t\t\t\t<div class=\"elementor-element elementor-element-5e381fcc elementor-widget elementor-widget-text-editor\" data-id=\"5e381fcc\" data-element_type=\"widget\" data-widget_type=\"text-editor.default\">\n\t\t\t\t<div class=\"elementor-widget-container\">\n\t\t\t<style>\/*! elementor - v3.21.0 - 24-04-2024 *\/\n.elementor-widget-text-editor.elementor-drop-cap-view-stacked .elementor-drop-cap{background-color:#69727d;color:#fff}.elementor-widget-text-editor.elementor-drop-cap-view-framed .elementor-drop-cap{color:#69727d;border:3px solid;background-color:transparent}.elementor-widget-text-editor:not(.elementor-drop-cap-view-default) .elementor-drop-cap{margin-top:8px}.elementor-widget-text-editor:not(.elementor-drop-cap-view-default) .elementor-drop-cap-letter{width:1em;height:1em}.elementor-widget-text-editor .elementor-drop-cap{float:left;text-align:center;line-height:1;font-size:50px}.elementor-widget-text-editor .elementor-drop-cap-letter{display:inline-block}<\/style>\t\t\t\t<p>Erhalten Sie von Ihrem Computer Einblick, ob noch Pl\u00e4tze f\u00fcr Neukunden frei sind. So sehen Sie bei der Anmeldung sofort, ob im Lager noch Platz ist!<\/p>\t\t\t\t\t\t<\/div>\n\t\t\t\t<\/div>\n\t\t\t\t<div class=\"elementor-element elementor-element-fc557a9 elementor-widget elementor-widget-button\" data-id=\"fc557a9\" data-element_type=\"widget\" data-widget_type=\"button.default\">\n\t\t\t\t<div class=\"elementor-widget-container\">\n\t\t\t\t\t<div class=\"elementor-button-wrapper\">\n\t\t\t<a class=\"elementor-button elementor-button-link elementor-size-md\" href=\"#elementor-action%3Aaction%3Dpopup%3Aopen%26settings%3DeyJpZCI6IjIyIiwidG9nZ2xlIjpmYWxzZX0%3D\">\n\t\t\t\t\t\t<span class=\"elementor-button-content-wrapper\">\n\t\t\t\t\t\t\t\t\t<span class=\"elementor-button-text\">Kontaktiere uns<\/span>\n\t\t\t\t\t<\/span>\n\t\t\t\t\t<\/a>\n\t\t<\/div>\n\t\t\t\t<\/div>\n\t\t\t\t<\/div>\n\t\t\t\t\t<\/div>\n\t\t<\/div>\n\t\t\t\t\t<\/div>\n\t\t<\/section>\n\t\t\t\t<section class=\"elementor-section elementor-top-section elementor-element elementor-element-1daae28 elementor-section-boxed elementor-section-height-default elementor-section-height-default\" data-id=\"1daae28\" data-element_type=\"section\">\n\t\t\t\t\t\t<div class=\"elementor-container elementor-column-gap-default\">\n\t\t\t\t\t<div class=\"elementor-column elementor-col-100 elementor-top-column elementor-element elementor-element-6c788250\" data-id=\"6c788250\" data-element_type=\"column\">\n\t\t\t<div class=\"elementor-widget-wrap elementor-element-populated\">\n\t\t\t\t\t\t<div class=\"elementor-element elementor-element-66774090 elementor-widget elementor-widget-heading\" data-id=\"66774090\" data-element_type=\"widget\" data-widget_type=\"heading.default\">\n\t\t\t\t<div class=\"elementor-widget-container\">\n\t\t\t<h1 class=\"elementor-heading-title elementor-size-default\">Wie funktioniert es?\u200b<\/h1>\t\t<\/div>\n\t\t\t\t<\/div>\n\t\t\t\t\t<\/div>\n\t\t<\/div>\n\t\t\t\t\t<\/div>\n\t\t<\/section>\n\t\t\t\t<section class=\"elementor-section elementor-top-section elementor-element elementor-element-1eb58ced elementor-section-boxed elementor-section-height-default elementor-section-height-default\" data-id=\"1eb58ced\" data-element_type=\"section\">\n\t\t\t\t\t\t<div class=\"elementor-container elementor-column-gap-default\">\n\t\t\t\t\t<div class=\"elementor-column elementor-col-50 elementor-top-column elementor-element elementor-element-5bc56af0\" data-id=\"5bc56af0\" data-element_type=\"column\">\n\t\t\t<div class=\"elementor-widget-wrap elementor-element-populated\">\n\t\t\t\t\t\t<div class=\"elementor-element elementor-element-6238f990 elementor-widget elementor-widget-image\" data-id=\"6238f990\" data-element_type=\"widget\" data-widget_type=\"image.default\">\n\t\t\t\t<div class=\"elementor-widget-container\">\n\t\t\t<style>\/*! elementor - v3.21.0 - 24-04-2024 *\/\n.elementor-widget-image{text-align:center}.elementor-widget-image a{display:inline-block}.elementor-widget-image a img[src$=\".svg\"]{width:48px}.elementor-widget-image img{vertical-align:middle;display:inline-block}<\/style>\t\t\t\t\t\t\t\t\t\t<img fetchpriority=\"high\" decoding=\"async\" width=\"2244\" height=\"1500\" src=\"https:\/\/meinstellplatzonline.de\/wp-content\/uploads\/2021\/12\/Schermafbeelding-2021-12-08-om-17.50.23.png\" class=\"attachment-full size-full wp-image-35\" alt=\"\" srcset=\"https:\/\/meinstellplatzonline.de\/wp-content\/uploads\/2021\/12\/Schermafbeelding-2021-12-08-om-17.50.23.png 2244w, https:\/\/meinstellplatzonline.de\/wp-content\/uploads\/2021\/12\/Schermafbeelding-2021-12-08-om-17.50.23-300x201.png 300w, https:\/\/meinstellplatzonline.de\/wp-content\/uploads\/2021\/12\/Schermafbeelding-2021-12-08-om-17.50.23-1024x684.png 1024w, https:\/\/meinstellplatzonline.de\/wp-content\/uploads\/2021\/12\/Schermafbeelding-2021-12-08-om-17.50.23-768x513.png 768w, https:\/\/meinstellplatzonline.de\/wp-content\/uploads\/2021\/12\/Schermafbeelding-2021-12-08-om-17.50.23-1536x1027.png 1536w, https:\/\/meinstellplatzonline.de\/wp-content\/uploads\/2021\/12\/Schermafbeelding-2021-12-08-om-17.50.23-2048x1369.png 2048w\" sizes=\"(max-width: 2244px) 100vw, 2244px\" \/>\t\t\t\t\t\t\t\t\t\t\t\t\t<\/div>\n\t\t\t\t<\/div>\n\t\t\t\t\t<\/div>\n\t\t<\/div>\n\t\t\t\t<div class=\"elementor-column elementor-col-50 elementor-top-column elementor-element elementor-element-d34f885\" data-id=\"d34f885\" data-element_type=\"column\">\n\t\t\t<div class=\"elementor-widget-wrap elementor-element-populated\">\n\t\t\t\t\t\t<section class=\"elementor-section elementor-inner-section elementor-element elementor-element-36004007 elementor-section-boxed elementor-section-height-default elementor-section-height-default\" data-id=\"36004007\" data-element_type=\"section\">\n\t\t\t\t\t\t<div class=\"elementor-container elementor-column-gap-default\">\n\t\t\t\t\t<div class=\"elementor-column elementor-col-100 elementor-inner-column elementor-element elementor-element-2046e5c8\" data-id=\"2046e5c8\" data-element_type=\"column\">\n\t\t\t<div class=\"elementor-widget-wrap elementor-element-populated\">\n\t\t\t\t\t\t<div class=\"elementor-element elementor-element-1323cc0f elementor-widget elementor-widget-text-editor\" data-id=\"1323cc0f\" data-element_type=\"widget\" data-widget_type=\"text-editor.default\">\n\t\t\t\t<div class=\"elementor-widget-container\">\n\t\t\t\t\t\t\t<p>Erstellen Sie einmalig ein Layout Ihres Lagers (oder mehrerer Lager). Diese Klassifikation kann basieren auf L\u00e4ngen und Breiten, aber auch durch X Anzahl Objekte pro Reihe.<\/p><p>Wenn ein Objekt mit einer Zeile verkn\u00fcpft ist, wird die L\u00e4nge des Objekts automatisch von der Gesamtl\u00e4nge einer Zeile abgezogen. Wenn alle Objekte zu Reihen verkn\u00fcpft sind, kann das System genau sehen, wie viele Meter noch in einer Reihe verf\u00fcgbar sind.<\/p><p>Wenn eine neue Anmeldung im System eingeht, sehen Sie sofort, ob noch Pl\u00e4tze frei sind. Sinnvoll! Das erspart das Auf- und Abgehen zu Ihrem Schuppen.<\/p>\t\t\t\t\t\t<\/div>\n\t\t\t\t<\/div>\n\t\t\t\t\t<\/div>\n\t\t<\/div>\n\t\t\t\t\t<\/div>\n\t\t<\/section>\n\t\t\t\t\t<\/div>\n\t\t<\/div>\n\t\t\t\t\t<\/div>\n\t\t<\/section>\n\t\t\t\t<section class=\"elementor-section elementor-top-section elementor-element elementor-element-196f8f52 elementor-section-boxed elementor-section-height-default elementor-section-height-default\" data-id=\"196f8f52\" data-element_type=\"section\">\n\t\t\t\t\t\t<div class=\"elementor-container elementor-column-gap-default\">\n\t\t\t\t\t<div class=\"elementor-column elementor-col-100 elementor-top-column elementor-element elementor-element-49c0b92b\" data-id=\"49c0b92b\" data-element_type=\"column\">\n\t\t\t<div class=\"elementor-widget-wrap elementor-element-populated\">\n\t\t\t\t\t\t<div class=\"elementor-element elementor-element-5a83959b elementor-widget elementor-widget-image\" data-id=\"5a83959b\" data-element_type=\"widget\" data-widget_type=\"image.default\">\n\t\t\t\t<div class=\"elementor-widget-container\">\n\t\t\t\t\t\t\t\t\t\t\t\t\t<img decoding=\"async\" width=\"1024\" height=\"621\" src=\"https:\/\/meinstellplatzonline.de\/wp-content\/uploads\/2021\/12\/spot_management-1024x621.png\" class=\"attachment-large size-large wp-image-36\" alt=\"\" srcset=\"https:\/\/meinstellplatzonline.de\/wp-content\/uploads\/2021\/12\/spot_management-1024x621.png 1024w, https:\/\/meinstellplatzonline.de\/wp-content\/uploads\/2021\/12\/spot_management-300x182.png 300w, https:\/\/meinstellplatzonline.de\/wp-content\/uploads\/2021\/12\/spot_management-768x466.png 768w, https:\/\/meinstellplatzonline.de\/wp-content\/uploads\/2021\/12\/spot_management-1536x932.png 1536w, https:\/\/meinstellplatzonline.de\/wp-content\/uploads\/2021\/12\/spot_management-2048x1242.png 2048w\" sizes=\"(max-width: 1024px) 100vw, 1024px\" \/>\t\t\t\t\t\t\t\t\t\t\t\t\t<\/div>\n\t\t\t\t<\/div>\n\t\t\t\t\t<\/div>\n\t\t<\/div>\n\t\t\t\t\t<\/div>\n\t\t<\/section>\n\t\t\t\t<\/div>\n\t\t","protected":false},"excerpt":{"rendered":"<p>https:\/\/meinstellplatzonline.de\/wp-content\/uploads\/2021\/12\/Spotbeheer_1080_compressed-1.mp4 Platzverwaltung\u200b Erhalten Sie von Ihrem Computer Einblick, ob noch Pl\u00e4tze f\u00fcr Neukunden frei sind. So sehen Sie bei der Anmeldung sofort, ob im Lager noch Platz ist! Kontaktiere uns Wie funktioniert es?\u200b Erstellen Sie einmalig ein Layout Ihres Lagers (oder mehrerer Lager). Diese Klassifikation kann basieren auf L\u00e4ngen und Breiten, aber auch durch X [&hellip;]<\/p>\n","protected":false},"author":1,"featured_media":0,"parent":0,"menu_order":0,"comment_status":"closed","ping_status":"closed","template":"elementor_header_footer","meta":{"footnotes":""},"class_list":["post-32","page","type-page","status-publish","hentry","wpbf-post"],"_links":{"self":[{"href":"https:\/\/meinstellplatzonline.de\/index.php\/wp-json\/wp\/v2\/pages\/32","targetHints":{"allow":["GET"]}}],"collection":[{"href":"https:\/\/meinstellplatzonline.de\/index.php\/wp-json\/wp\/v2\/pages"}],"about":[{"href":"https:\/\/meinstellplatzonline.de\/index.php\/wp-json\/wp\/v2\/types\/page"}],"author":[{"embeddable":true,"href":"https:\/\/meinstellplatzonline.de\/index.php\/wp-json\/wp\/v2\/users\/1"}],"replies":[{"embeddable":true,"href":"https:\/\/meinstellplatzonline.de\/index.php\/wp-json\/wp\/v2\/comments?post=32"}],"version-history":[{"count":9,"href":"https:\/\/meinstellplatzonline.de\/index.php\/wp-json\/wp\/v2\/pages\/32\/revisions"}],"predecessor-version":[{"id":135,"href":"https:\/\/meinstellplatzonline.de\/index.php\/wp-json\/wp\/v2\/pages\/32\/revisions\/135"}],"wp:attachment":[{"href":"https:\/\/meinstellplatzonline.de\/index.php\/wp-json\/wp\/v2\/media?parent=32"}],"curies":[{"name":"wp","href":"https:\/\/api.w.org\/{rel}","templated":true}]}}